{"id":1666,"date":"2022-04-05T21:04:32","date_gmt":"2022-04-05T19:04:32","guid":{"rendered":"https:\/\/liedercompany.cz\/event\/in-colours-of-france-sibera-janal-kosarek\/"},"modified":"2022-08-25T15:18:53","modified_gmt":"2022-08-25T13:18:53","slug":"050622-in-colours-of-france","status":"publish","type":"tribe_events","link":"https:\/\/liedercompany.cz\/en\/event\/050622-in-colours-of-france\/","title":{"rendered":"In Colours of France (Sibera &#038; Jan\u00e1l &#038; Ko\u0161\u00e1rek)"},"content":{"rendered":"<div  class=\"tribe-events-schedule tribe-clearfix\" >\n\t<p class=\"tribe-events-schedule__datetime\">\n\t\t<span class=\"tribe-events-schedule__date tribe-events-schedule__date--start\">\n\t\t\t5 \/ 6 \/ 2022\t\t<\/span>\n\n\t\t\t\t\t<span class=\"tribe-events-schedule__separator tribe-events-schedule__separator--date\">\n\t\t\t\t at \t\t\t<\/span>\n\t\t\t<span class=\"tribe-events-schedule__time tribe-events-schedule__time--start\">\n\t\t\t\t19:30\t\t\t<\/span>\n\t\t\n\t\t\t<\/p>\n<\/div>\n<div class=\"tribe-events-event-image\"><img fetchpriority=\"high\" decoding=\"async\" width=\"934\" height=\"476\" src=\"https:\/\/liedercompany.cz\/wp-content\/uploads\/2022\/03\/02_Sibera_Janal_Kosarek-1.jpg\" class=\"attachment-full size-full wp-post-image\" alt=\"\" srcset=\"https:\/\/liedercompany.cz\/wp-content\/uploads\/2022\/03\/02_Sibera_Janal_Kosarek-1.jpg 934w, https:\/\/liedercompany.cz\/wp-content\/uploads\/2022\/03\/02_Sibera_Janal_Kosarek-1-300x153.jpg 300w, https:\/\/liedercompany.cz\/wp-content\/uploads\/2022\/03\/02_Sibera_Janal_Kosarek-1-768x391.jpg 768w, https:\/\/liedercompany.cz\/wp-content\/uploads\/2022\/03\/02_Sibera_Janal_Kosarek-1-200x102.jpg 200w, https:\/\/liedercompany.cz\/wp-content\/uploads\/2022\/03\/02_Sibera_Janal_Kosarek-1-600x306.jpg 600w\" sizes=\"(max-width: 934px) 100vw, 934px\" title=\"\"><\/div>\n<div class=\"wp-block-columns is-layout-flex wp-container-core-columns-is-layout-9d6595d7 wp-block-columns-is-layout-flex\">\n<div class=\"wp-block-column is-layout-flow wp-block-column-is-layout-flow\" style=\"flex-basis:66.66%\">\n<p>This year we are commemorating several anniversaries of French composers \u2013 including 200 years since the birth of C\u00e9sar Franck, 160 years since the birth of Claude Debussy and 60 years since the death of Jacques Ibert.<\/p>\n\n\n\n<p>We have therefore decided to compile an evening of their songs and entrust them to the best Czech interpreters: soprano Jana Sibera and baritone Roman Jan\u00e1l will perform together with the excellent pianist Karel Ko\u0161\u00e1rek.<\/p>\n\n\n\n<p>C\u00e9sar Franck\u2019s song output does not represent any complete cycles, only individual songs. They are rarely performed on concert stages, not only in this country, so we present a selection of the most impressive ones. We also rarely think of Claude Debussy as a song composer, even though his legacy in this field is extremely rich. This concert will feature his culminating two-part song cycle set to Paul Verlaine\u2019s poems, <em>F\u00eates Galantes<\/em>. The lesser performed but very interesting French composer Jacques Ibert will be represented by two of his quite contrasting song cycles.<\/p>\n<\/div>\n\n\n\n<div class=\"wp-block-column is-layout-flow wp-block-column-is-layout-flow\" style=\"flex-basis:33.33%\">\n<p><strong>Programme<\/strong>:<\/p>\n\n\n\n<ul class=\"wp-block-list\"><li>C\u00e9sar Franck:\u00a0<em>M\u00e9lodies<\/em><\/li><li>Claude Debussy:\u00a0<em>F\u00eates Galantes I &amp; II<\/em><\/li><li>Jacques Ibert:\u00a0<em>Chansons de Don Quichotte; Deux Chansons de Melpom\u00e9ne<\/em><\/li><\/ul>\n\n\n<div style=\"height:40px\" aria-hidden=\"true\" class=\"wp-block-spacer\"><\/div>\n\n\n\n<p><strong>Performers:<\/strong><\/p>\n\n\n\n<ul class=\"wp-block-list\"><li>Jana Sibera \u2013 soprano<\/li><li>Roman Jan\u00e1l \u2013 baritone<\/li><li>Karel Ko\u0161\u00e1rek \u2013 piano<\/li><\/ul><\/div>\n<\/div>\n\n<p><em>The works will be performed French and accompanied by Czech subtitles.<\/em><\/p>\n\n<div class=\"wp-block-columns is-layout-flex wp-container-core-columns-is-layout-9d6595d7 wp-block-columns-is-layout-flex\">\n<div class=\"wp-block-column is-layout-flow wp-block-column-is-layout-flow\" style=\"flex-basis:33.33%\">\n<figure class=\"wp-block-image size-full is-resized\"><img decoding=\"async\" src=\"https:\/\/liedercompany.cz\/wp-content\/uploads\/2022\/04\/mkcr_en.png\" alt=\"MK&#x10C;R_logo\" class=\"wp-image-1427\" width=\"235\" height=\"73\" title=\"\"><\/figure><\/div>\n\n\n\n<div class=\"wp-block-column is-layout-flow wp-block-column-is-layout-flow\" style=\"flex-basis:66.66%\">\n<p><strong>The Concert Season 2022 is held under the auspices of the Minister of Culture Mgr. Martin Baxa and council member of the capital city of Prague MgA. Hana T\u0159e\u0161t\u00edkov\u00e1.<\/strong><\/p>\n<\/div>\n<\/div>\n\n<div class=\"wp-block-columns is-layout-flex wp-container-core-columns-is-layout-9d6595d7 wp-block-columns-is-layout-flex\">\n<div class=\"wp-block-column is-layout-flow wp-block-column-is-layout-flow\"><div  class=\"tribe-block tribe-block__event-website\" >\n\t<a href=\"https:\/\/goout.net\/en\/tickets\/v-barvach-francie\/raan\/\" target=\"_self\" rel=\"noopener\">\n\t\tKoupit vstupenky\t<\/a>\n<\/div>\n<\/div>\n\n\n\n<div class=\"wp-block-column is-layout-flow wp-block-column-is-layout-flow\"><div  class=\"tribe-block tribe-block__venue tribe-clearfix tribe-block__venue--has-map\" >\n\t\n\t\n<div class=\"tribe-block__venue__meta\">\n\t<div class=\"tribe-block__venue__name\">\n\t\t<h3>Profesn\u00ed d\u016fm &#8211; Aula (Refekt\u00e1\u0159)<\/h3>\n\t<\/div>\n\n\t\n\t\t\t\t\t\t<address class=\"tribe-block__venue__address\">\n\t\t\t\t<span class=\"tribe-address\">\n\n<span class=\"tribe-street-address\">Malostransk\u00e9 n\u00e1m. 25<\/span>\n\t\n\t\t<br>\n\t\t<span class=\"tribe-locality\">Praha 1<\/span><span class=\"tribe-delimiter\">,<\/span>\n\n\n\t<span class=\"tribe-postal-code\">11800<\/span>\n\n\t<span class=\"tribe-country-name\">\u010cesk\u00e1 republika<\/span>\n\n<\/span>\n\n\t\t\t\t\t\t\t\t\t<a class=\"tribe-events-gmap\" href=\"https:\/\/maps.google.com\/maps?f=q&#038;source=s_q&#038;hl=en&#038;geocode=&#038;q=Malostransk%C3%A9+n%C3%A1m.+25+Praha+1+11800+%C4%8Cesk%C3%A1+republika\" title=\"Click to view a Google Map\" target=\"_blank\" rel=\"noreferrer noopener\">+ Google Map<\/a>\t\t\t\t\t\t\t<\/address>\n\t\t\n\t\t\n\t\t\t\n\t<\/div>\n\t\n<div class=\"tribe-block__venue__map\">\n\t\n<iframe\n  title=\"Google maps iframe displaying the address to Profesn\u00ed d\u016fm &#8211; Aula (Refekt\u00e1\u0159)\"\n  aria-label=\"Venue location map\"\n  width=\"310px\"\n  height=\"256px\"\n  frameborder=\"0\" style=\"border:0\"\n  src=\"https:\/\/www.google.com\/maps\/embed\/v1\/place?key=AIzaSyDNsicAsP6-VuGtAb1O9riI3oc_NOb7IOU&#038;q=Malostransk%C3%A9+n%C3%A1m.+25+Praha+1+11800+%C4%8Cesk%C3%A1+republika+&#038;zoom=10\" allowfullscreen>\n<\/iframe>\n<\/div>\n\n\t<\/div>\n<\/div>\n<\/div>\n","protected":false},"excerpt":{"rendered":"<p>This year we are commemorating several anniversaries of French composers \u2013 including 200 years since the birth of C\u00e9sar Franck, 160 years since the birth of Claude Debussy and 60&hellip;&nbsp;<a href=\"https:\/\/liedercompany.cz\/en\/event\/050622-in-colours-of-france\/\" rel=\"bookmark\">Read More &raquo;<span class=\"screen-reader-text\">In Colours of France (Sibera &#038; Jan\u00e1l &#038; Ko\u0161\u00e1rek)<\/span><\/a><\/p>\n","protected":false},"author":18,"featured_media":1525,"template":"","meta":{"neve_meta_sidebar":"","neve_meta_container":"","neve_meta_enable_content_width":"","neve_meta_content_width":0,"neve_meta_title_alignment":"","neve_meta_author_avatar":"","neve_post_elements_order":"","neve_meta_disable_header":"","neve_meta_disable_footer":"","neve_meta_disable_title":"","neve_meta_reading_time":"","_EventAllDay":false,"_EventTimezone":"Europe\/Prague","_EventStartDate":"2022-06-05 19:30:00","_EventEndDate":"2022-06-05 19:30:00","_EventStartDateUTC":"2022-06-05 17:30:00","_EventEndDateUTC":"2022-06-05 17:30:00","_EventShowMap":true,"_EventShowMapLink":true,"_EventURL":"https:\/\/goout.net\/en\/tickets\/v-barvach-francie\/raan\/","_EventCost":"","_EventCostDescription":"","_EventCurrencySymbol":"CZK","_EventCurrencyCode":"","_EventCurrencyPosition":"","_EventDateTimeSeparator":"","_EventTimeRangeSeparator":"","_EventOrganizerID":[],"_EventVenueID":[1506],"_OrganizerEmail":"","_OrganizerPhone":"","_OrganizerWebsite":"","_VenueAddress":"","_VenueCity":"","_VenueCountry":"","_VenueProvince":"","_VenueState":"","_VenueZip":"","_VenuePhone":"","_VenueURL":"","_VenueStateProvince":"","_VenueLat":"","_VenueLng":"","_VenueShowMap":false,"_VenueShowMapLink":false,"_themeisle_gutenberg_block_has_review":false,"_tribe_events_status":"","_tribe_events_status_reason":"","footnotes":""},"tags":[],"tribe_events_cat":[],"class_list":["post-1666","tribe_events","type-tribe_events","status-publish","has-post-thumbnail","hentry"],"_links":{"self":[{"href":"https:\/\/liedercompany.cz\/en\/wp-json\/wp\/v2\/tribe_events\/1666","targetHints":{"allow":["GET"]}}],"collection":[{"href":"https:\/\/liedercompany.cz\/en\/wp-json\/wp\/v2\/tribe_events"}],"about":[{"href":"https:\/\/liedercompany.cz\/en\/wp-json\/wp\/v2\/types\/tribe_events"}],"author":[{"embeddable":true,"href":"https:\/\/liedercompany.cz\/en\/wp-json\/wp\/v2\/users\/18"}],"version-history":[{"count":0,"href":"https:\/\/liedercompany.cz\/en\/wp-json\/wp\/v2\/tribe_events\/1666\/revisions"}],"wp:featuredmedia":[{"embeddable":true,"href":"https:\/\/liedercompany.cz\/en\/wp-json\/wp\/v2\/media\/1525"}],"wp:attachment":[{"href":"https:\/\/liedercompany.cz\/en\/wp-json\/wp\/v2\/media?parent=1666"}],"wp:term":[{"taxonomy":"post_tag","embeddable":true,"href":"https:\/\/liedercompany.cz\/en\/wp-json\/wp\/v2\/tags?post=1666"},{"taxonomy":"tribe_events_cat","embeddable":true,"href":"https:\/\/liedercompany.cz\/en\/wp-json\/wp\/v2\/tribe_events_cat?post=1666"}],"curies":[{"name":"wp","href":"https:\/\/api.w.org\/{rel}","templated":true}]}}

In Colours of France (Sibera &#038; Janál &#038; Košárek)

<div  class="tribe-events-schedule tribe-clearfix" >
	<p class="tribe-events-schedule__datetime">
		<span class="tribe-events-schedule__date tribe-events-schedule__date--start">
			5 / 6 / 2022		</span>

					<span class="tribe-events-schedule__separator tribe-events-schedule__separator--date">
				 at 			</span>
			<span class="tribe-events-schedule__time tribe-events-schedule__time--start">
				19:30			</span>
		
			</p>
</div>
<div class="tribe-events-event-image"><img fetchpriority="high" decoding="async" width="934" height="476" src="https://liedercompany.cz/wp-content/uploads/2022/03/02_Sibera_Janal_Kosarek-1.jpg" class="attachment-full size-full wp-post-image" alt="" srcset="https://liedercompany.cz/wp-content/uploads/2022/03/02_Sibera_Janal_Kosarek-1.jpg 934w, https://liedercompany.cz/wp-content/uploads/2022/03/02_Sibera_Janal_Kosarek-1-300x153.jpg 300w, https://liedercompany.cz/wp-content/uploads/2022/03/02_Sibera_Janal_Kosarek-1-768x391.jpg 768w, https://liedercompany.cz/wp-content/uploads/2022/03/02_Sibera_Janal_Kosarek-1-200x102.jpg 200w, https://liedercompany.cz/wp-content/uploads/2022/03/02_Sibera_Janal_Kosarek-1-600x306.jpg 600w" sizes="(max-width: 934px) 100vw, 934px" title=""></div>
<div class="wp-block-columns is-layout-flex wp-container-core-columns-is-layout-9d6595d7 wp-block-columns-is-layout-flex">
<div class="wp-block-column is-layout-flow wp-block-column-is-layout-flow" style="flex-basis:66.66%">
<p>This year we are commemorating several anniversaries of French composers – including 200 years since the birth of César Franck, 160 years since the birth of Claude Debussy and 60 years since the death of Jacques Ibert.</p>



<p>We have therefore decided to compile an evening of their songs and entrust them to the best Czech interpreters: soprano Jana Sibera and baritone Roman Janál will perform together with the excellent pianist Karel Košárek.</p>



<p>César Franck’s song output does not represent any complete cycles, only individual songs. They are rarely performed on concert stages, not only in this country, so we present a selection of the most impressive ones. We also rarely think of Claude Debussy as a song composer, even though his legacy in this field is extremely rich. This concert will feature his culminating two-part song cycle set to Paul Verlaine’s poems, <em>Fêtes Galantes</em>. The lesser performed but very interesting French composer Jacques Ibert will be represented by two of his quite contrasting song cycles.</p>
</div>



<div class="wp-block-column is-layout-flow wp-block-column-is-layout-flow" style="flex-basis:33.33%">
<p><strong>Programme</strong>:</p>



<ul class="wp-block-list"><li>César Franck: <em>Mélodies</em></li><li>Claude Debussy: <em>Fêtes Galantes I &amp; II</em></li><li>Jacques Ibert: <em>Chansons de Don Quichotte; Deux Chansons de Melpoméne</em></li></ul>


<div style="height:40px" aria-hidden="true" class="wp-block-spacer"></div>



<p><strong>Performers:</strong></p>



<ul class="wp-block-list"><li>Jana Sibera – soprano</li><li>Roman Janál – baritone</li><li>Karel Košárek – piano</li></ul></div>
</div>

<p><em>The works will be performed French and accompanied by Czech subtitles.</em></p>

<div class="wp-block-columns is-layout-flex wp-container-core-columns-is-layout-9d6595d7 wp-block-columns-is-layout-flex">
<div class="wp-block-column is-layout-flow wp-block-column-is-layout-flow" style="flex-basis:33.33%">
<figure class="wp-block-image size-full is-resized"><img decoding="async" src="https://liedercompany.cz/wp-content/uploads/2022/04/mkcr_en.png" alt="MK&#x10C;R_logo" class="wp-image-1427" width="235" height="73" title=""></figure></div>



<div class="wp-block-column is-layout-flow wp-block-column-is-layout-flow" style="flex-basis:66.66%">
<p><strong>The Concert Season 2022 is held under the auspices of the Minister of Culture Mgr. Martin Baxa and council member of the capital city of Prague MgA. Hana Třeštíková.</strong></p>
</div>
</div>

<div class="wp-block-columns is-layout-flex wp-container-core-columns-is-layout-9d6595d7 wp-block-columns-is-layout-flex">
<div class="wp-block-column is-layout-flow wp-block-column-is-layout-flow"><div  class="tribe-block tribe-block__event-website" >
	<a href="https://goout.net/en/tickets/v-barvach-francie/raan/" target="_self" rel="noopener">
		Koupit vstupenky	</a>
</div>
</div>



<div class="wp-block-column is-layout-flow wp-block-column-is-layout-flow"><div  class="tribe-block tribe-block__venue tribe-clearfix tribe-block__venue--has-map" >
	
	
<div class="tribe-block__venue__meta">
	<div class="tribe-block__venue__name">
		<h3>Profesní dům &#8211; Aula (Refektář)</h3>
	</div>

	
						<address class="tribe-block__venue__address">
				<span class="tribe-address">

<span class="tribe-street-address">Malostranské nám. 25</span>
	
		<br>
		<span class="tribe-locality">Praha 1</span><span class="tribe-delimiter">,</span>


	<span class="tribe-postal-code">11800</span>

	<span class="tribe-country-name">Česká republika</span>

</span>

									<a class="tribe-events-gmap" href="https://maps.google.com/maps?f=q&#038;source=s_q&#038;hl=en&#038;geocode=&#038;q=Malostransk%C3%A9+n%C3%A1m.+25+Praha+1+11800+%C4%8Cesk%C3%A1+republika" title="Click to view a Google Map" target="_blank" rel="noreferrer noopener">+ Google Map</a>							</address>
		
		
			
	</div>
	
<div class="tribe-block__venue__map">
	
<iframe
  title="Google maps iframe displaying the address to Profesní dům &#8211; Aula (Refektář)"
  aria-label="Venue location map"
  width="310px"
  height="256px"
  frameborder="0" style="border:0"
  src="https://www.google.com/maps/embed/v1/place?key=AIzaSyDNsicAsP6-VuGtAb1O9riI3oc_NOb7IOU&#038;q=Malostransk%C3%A9+n%C3%A1m.+25+Praha+1+11800+%C4%8Cesk%C3%A1+republika+&#038;zoom=10" allowfullscreen>
</iframe>
</div>

	</div>
</div>
</div>

<p>This year we are commemorating several anniversaries of French composers – including 200 years since the birth of César Franck, 160 years since the birth of Claude Debussy and 60&hellip;&nbsp;<a href="https://liedercompany.cz/en/event/050622-in-colours-of-france/" rel="bookmark">Read More &raquo;<span class="screen-reader-text">In Colours of France (Sibera &#038; Janál &#038; Košárek)</span></a></p>
