{"id":1670,"date":"2022-04-05T21:15:04","date_gmt":"2022-04-05T19:15:04","guid":{"rendered":"https:\/\/liedercompany.cz\/event\/with-a-taste-of-france-troupova-hrochova-dusek\/"},"modified":"2022-08-25T15:18:27","modified_gmt":"2022-08-25T13:18:27","slug":"260622-with-a-taste-of-france","status":"publish","type":"tribe_events","link":"https:\/\/liedercompany.cz\/en\/event\/260622-with-a-taste-of-france\/","title":{"rendered":"With a Taste of France (Troupov\u00e1 &#038; Hrochov\u00e1 &#038; Du\u0161ek)"},"content":{"rendered":"<div  class=\"tribe-events-schedule tribe-clearfix\" >\n\t<p class=\"tribe-events-schedule__datetime\">\n\t\t<span class=\"tribe-events-schedule__date tribe-events-schedule__date--start\">\n\t\t\t26 \/ 6 \/ 2022\t\t<\/span>\n\n\t\t\t\t\t<span class=\"tribe-events-schedule__separator tribe-events-schedule__separator--date\">\n\t\t\t\t at \t\t\t<\/span>\n\t\t\t<span class=\"tribe-events-schedule__time tribe-events-schedule__time--start\">\n\t\t\t\t19:30\t\t\t<\/span>\n\t\t\n\t\t\t<\/p>\n<\/div>\n<div class=\"tribe-events-event-image\"><img fetchpriority=\"high\" decoding=\"async\" width=\"941\" height=\"469\" src=\"https:\/\/liedercompany.cz\/wp-content\/uploads\/2022\/03\/03_Troupova_Hrochova_Dusek.jpg\" class=\"attachment-full size-full wp-post-image\" alt=\"\" srcset=\"https:\/\/liedercompany.cz\/wp-content\/uploads\/2022\/03\/03_Troupova_Hrochova_Dusek.jpg 941w, https:\/\/liedercompany.cz\/wp-content\/uploads\/2022\/03\/03_Troupova_Hrochova_Dusek-300x150.jpg 300w, https:\/\/liedercompany.cz\/wp-content\/uploads\/2022\/03\/03_Troupova_Hrochova_Dusek-768x383.jpg 768w, https:\/\/liedercompany.cz\/wp-content\/uploads\/2022\/03\/03_Troupova_Hrochova_Dusek-200x100.jpg 200w, https:\/\/liedercompany.cz\/wp-content\/uploads\/2022\/03\/03_Troupova_Hrochova_Dusek-600x299.jpg 600w\" sizes=\"(max-width: 941px) 100vw, 941px\" title=\"\"><\/div>\n<div class=\"wp-block-columns is-layout-flex wp-container-core-columns-is-layout-9d6595d7 wp-block-columns-is-layout-flex\">\n<div class=\"wp-block-column is-layout-flow wp-block-column-is-layout-flow\" style=\"flex-basis:66.66%\">\n<p>France and its culture have influenced many artists, writers and composers. In this concert, we will present six works for which their authors found inspiration in French literature \u2013 Renaissance, contemporary or even cookery. For this concert, a new work has also been commissioned from the young Czech composer Pavel Duda on a text by the composer Eric Satie, which will be given its world premiere. A piece by the Romanian living composer Adrian Pop will be performed in the Czech premiere.<\/p>\n\n\n\n<p>These impressive, French-esque and witty songs will be performed by leading Czech singers Irena Troupov\u00e1 and Jana Hrochov\u00e1, for whom songwriting is their heart\u2019s business. Jan Du\u0161ek will play the piano parts.<\/p>\n<\/div>\n\n\n\n<div class=\"wp-block-column is-layout-flow wp-block-column-is-layout-flow\" style=\"flex-basis:33.33%\">\n<p><strong>Programme<\/strong>:<\/p>\n\n\n\n<ul class=\"wp-block-list\"><li>Bohuslav Martin\u016f:\u00a0<em>T\u0159i p\u00edsn\u011b na Appollinaira<\/em><\/li><li>Viktor Ullmann:\u00a0<em>Sonnets de Louise Lab\u00e9<\/em><\/li><li>Leonard Bernstein:\u00a0<em>La bonne cuisine<\/em><\/li><li>Hanu\u0161 Barto\u0148:\u00a0<em>5 p\u00edsn\u00ed na Suzanne Renaud<\/em><\/li><li>Adrian Pop:\u00a0<em>Sept fragments de Tristan Tzara (Czech premiere)<\/em><\/li><li>Pavel Duda:\u00a0<em>Commissioned piece (premiere)<\/em><\/li><\/ul>\n\n\n<div style=\"height:40px\" aria-hidden=\"true\" class=\"wp-block-spacer\"><\/div>\n\n\n\n<p><strong>Performers:<\/strong><\/p>\n\n\n\n<ul class=\"wp-block-list\"><li>Irena Troupov\u00e1 \u2013 soprano<\/li><li>Jana Hrochov\u00e1 \u2013 mezzosoprano<\/li><li>Jan Du\u0161ek \u2013 piano<\/li><\/ul><\/div>\n<\/div>\n\n<p><em>The pieces will be performed in Czech or in French and accompanied by Czech subtitles.<\/em><\/p>\n\n<div class=\"wp-block-columns is-layout-flex wp-container-core-columns-is-layout-9d6595d7 wp-block-columns-is-layout-flex\">\n<div class=\"wp-block-column is-layout-flow wp-block-column-is-layout-flow\" style=\"flex-basis:33.33%\">\n<figure class=\"wp-block-image size-full is-resized\"><img decoding=\"async\" src=\"https:\/\/liedercompany.cz\/wp-content\/uploads\/2022\/04\/mkcr_en.png\" alt=\"MK&#x10C;R_logo\" class=\"wp-image-1427\" width=\"235\" height=\"73\" title=\"\"><\/figure><\/div>\n\n\n\n<div class=\"wp-block-column is-layout-flow wp-block-column-is-layout-flow\" style=\"flex-basis:66.66%\">\n<p><strong>The Concert Season 2022 is held under the auspices of the Minister of Culture Mgr. Martin Baxa and council member of the capital city of Prague MgA. Hana T\u0159e\u0161t\u00edkov\u00e1.<\/strong><\/p>\n<\/div>\n<\/div>\n\n<div class=\"wp-block-columns is-layout-flex wp-container-core-columns-is-layout-9d6595d7 wp-block-columns-is-layout-flex\">\n<div class=\"wp-block-column is-layout-flow wp-block-column-is-layout-flow\"><div  class=\"tribe-block tribe-block__event-website\" >\n\t<a href=\"https:\/\/goout.net\/en\/tickets\/s-prichuti-francie\/saan\/\" target=\"_self\" rel=\"noopener\">\n\t\tKoupit vstupenky\t<\/a>\n<\/div>\n<\/div>\n\n\n\n<div class=\"wp-block-column is-layout-flow wp-block-column-is-layout-flow\"><div  class=\"tribe-block tribe-block__venue tribe-clearfix tribe-block__venue--has-map\" >\n\t\n\t\n<div class=\"tribe-block__venue__meta\">\n\t<div class=\"tribe-block__venue__name\">\n\t\t<h3>Novom\u011bstsk\u00e1 radnice<\/h3>\n\t<\/div>\n\n\t\n\t\t\t\t\t\t<address class=\"tribe-block__venue__address\">\n\t\t\t\t<span class=\"tribe-address\">\n\n<span class=\"tribe-street-address\">Karlovo n\u00e1m. 1<\/span>\n\t\n\t\t<br>\n\t\t<span class=\"tribe-locality\">Praha 2<\/span><span class=\"tribe-delimiter\">,<\/span>\n\n\n\t<span class=\"tribe-postal-code\">120 00<\/span>\n\n\t<span class=\"tribe-country-name\">\u010cesk\u00e1 republika<\/span>\n\n<\/span>\n\n\t\t\t\t\t\t\t\t\t<a class=\"tribe-events-gmap\" href=\"https:\/\/maps.google.com\/maps?f=q&#038;source=s_q&#038;hl=en&#038;geocode=&#038;q=Karlovo+n%C3%A1m.+1+Praha+2+120+00+%C4%8Cesk%C3%A1+republika\" title=\"Click to view a Google Map\" target=\"_blank\" rel=\"noreferrer noopener\">+ Google Map<\/a>\t\t\t\t\t\t\t<\/address>\n\t\t\n\t\t\n\t\t\t\t\t<span class=\"tribe-block__venue__website\"><a href=\"http:\/\/www.novomestskaradnice.cz\/\" target=\"_self\" rel=\"external noopener\">View Venue Website<\/a><\/span><br \/>\n\t\t\t\n\t<\/div>\n\t\n<div class=\"tribe-block__venue__map\">\n\t\n<iframe\n  title=\"Google maps iframe displaying the address to Novom\u011bstsk\u00e1 radnice\"\n  aria-label=\"Venue location map\"\n  width=\"310px\"\n  height=\"256px\"\n  frameborder=\"0\" style=\"border:0\"\n  src=\"https:\/\/www.google.com\/maps\/embed\/v1\/place?key=AIzaSyDNsicAsP6-VuGtAb1O9riI3oc_NOb7IOU&#038;q=Karlovo+n%C3%A1m.+1+Praha+2+120+00+%C4%8Cesk%C3%A1+republika+&#038;zoom=10\" allowfullscreen>\n<\/iframe>\n<\/div>\n\n\t<\/div>\n<\/div>\n<\/div>\n","protected":false},"excerpt":{"rendered":"<p>France and its culture have influenced many artists, writers and composers. In this concert, we will present six works for which their authors found inspiration in French literature \u2013 Renaissance,&hellip;&nbsp;<a href=\"https:\/\/liedercompany.cz\/en\/event\/260622-with-a-taste-of-france\/\" rel=\"bookmark\">Read More &raquo;<span class=\"screen-reader-text\">With a Taste of France (Troupov\u00e1 &#038; Hrochov\u00e1 &#038; Du\u0161ek)<\/span><\/a><\/p>\n","protected":false},"author":18,"featured_media":1527,"template":"","meta":{"neve_meta_sidebar":"","neve_meta_container":"","neve_meta_enable_content_width":"","neve_meta_content_width":0,"neve_meta_title_alignment":"","neve_meta_author_avatar":"","neve_post_elements_order":"","neve_meta_disable_header":"","neve_meta_disable_footer":"","neve_meta_disable_title":"","neve_meta_reading_time":"","_EventAllDay":false,"_EventTimezone":"Europe\/Prague","_EventStartDate":"2022-06-26 19:30:00","_EventEndDate":"2022-06-26 19:30:00","_EventStartDateUTC":"2022-06-26 17:30:00","_EventEndDateUTC":"2022-06-26 17:30:00","_EventShowMap":true,"_EventShowMapLink":true,"_EventURL":"https:\/\/goout.net\/en\/tickets\/s-prichuti-francie\/saan\/","_EventCost":"","_EventCostDescription":"","_EventCurrencySymbol":"CZK","_EventCurrencyCode":"","_EventCurrencyPosition":"","_EventDateTimeSeparator":"","_EventTimeRangeSeparator":"","_EventOrganizerID":[],"_EventVenueID":[866],"_OrganizerEmail":"","_OrganizerPhone":"","_OrganizerWebsite":"","_VenueAddress":"","_VenueCity":"","_VenueCountry":"","_VenueProvince":"","_VenueState":"","_VenueZip":"","_VenuePhone":"","_VenueURL":"","_VenueStateProvince":"","_VenueLat":"","_VenueLng":"","_VenueShowMap":false,"_VenueShowMapLink":false,"_themeisle_gutenberg_block_has_review":false,"_tribe_events_status":"","_tribe_events_status_reason":"","footnotes":""},"tags":[],"tribe_events_cat":[],"class_list":["post-1670","tribe_events","type-tribe_events","status-publish","has-post-thumbnail","hentry"],"_links":{"self":[{"href":"https:\/\/liedercompany.cz\/en\/wp-json\/wp\/v2\/tribe_events\/1670","targetHints":{"allow":["GET"]}}],"collection":[{"href":"https:\/\/liedercompany.cz\/en\/wp-json\/wp\/v2\/tribe_events"}],"about":[{"href":"https:\/\/liedercompany.cz\/en\/wp-json\/wp\/v2\/types\/tribe_events"}],"author":[{"embeddable":true,"href":"https:\/\/liedercompany.cz\/en\/wp-json\/wp\/v2\/users\/18"}],"version-history":[{"count":0,"href":"https:\/\/liedercompany.cz\/en\/wp-json\/wp\/v2\/tribe_events\/1670\/revisions"}],"wp:featuredmedia":[{"embeddable":true,"href":"https:\/\/liedercompany.cz\/en\/wp-json\/wp\/v2\/media\/1527"}],"wp:attachment":[{"href":"https:\/\/liedercompany.cz\/en\/wp-json\/wp\/v2\/media?parent=1670"}],"wp:term":[{"taxonomy":"post_tag","embeddable":true,"href":"https:\/\/liedercompany.cz\/en\/wp-json\/wp\/v2\/tags?post=1670"},{"taxonomy":"tribe_events_cat","embeddable":true,"href":"https:\/\/liedercompany.cz\/en\/wp-json\/wp\/v2\/tribe_events_cat?post=1670"}],"curies":[{"name":"wp","href":"https:\/\/api.w.org\/{rel}","templated":true}]}}

With a Taste of France (Troupová &#038; Hrochová &#038; Dušek)

<div  class="tribe-events-schedule tribe-clearfix" >
	<p class="tribe-events-schedule__datetime">
		<span class="tribe-events-schedule__date tribe-events-schedule__date--start">
			26 / 6 / 2022		</span>

					<span class="tribe-events-schedule__separator tribe-events-schedule__separator--date">
				 at 			</span>
			<span class="tribe-events-schedule__time tribe-events-schedule__time--start">
				19:30			</span>
		
			</p>
</div>
<div class="tribe-events-event-image"><img fetchpriority="high" decoding="async" width="941" height="469" src="https://liedercompany.cz/wp-content/uploads/2022/03/03_Troupova_Hrochova_Dusek.jpg" class="attachment-full size-full wp-post-image" alt="" srcset="https://liedercompany.cz/wp-content/uploads/2022/03/03_Troupova_Hrochova_Dusek.jpg 941w, https://liedercompany.cz/wp-content/uploads/2022/03/03_Troupova_Hrochova_Dusek-300x150.jpg 300w, https://liedercompany.cz/wp-content/uploads/2022/03/03_Troupova_Hrochova_Dusek-768x383.jpg 768w, https://liedercompany.cz/wp-content/uploads/2022/03/03_Troupova_Hrochova_Dusek-200x100.jpg 200w, https://liedercompany.cz/wp-content/uploads/2022/03/03_Troupova_Hrochova_Dusek-600x299.jpg 600w" sizes="(max-width: 941px) 100vw, 941px" title=""></div>
<div class="wp-block-columns is-layout-flex wp-container-core-columns-is-layout-9d6595d7 wp-block-columns-is-layout-flex">
<div class="wp-block-column is-layout-flow wp-block-column-is-layout-flow" style="flex-basis:66.66%">
<p>France and its culture have influenced many artists, writers and composers. In this concert, we will present six works for which their authors found inspiration in French literature – Renaissance, contemporary or even cookery. For this concert, a new work has also been commissioned from the young Czech composer Pavel Duda on a text by the composer Eric Satie, which will be given its world premiere. A piece by the Romanian living composer Adrian Pop will be performed in the Czech premiere.</p>



<p>These impressive, French-esque and witty songs will be performed by leading Czech singers Irena Troupová and Jana Hrochová, for whom songwriting is their heart’s business. Jan Dušek will play the piano parts.</p>
</div>



<div class="wp-block-column is-layout-flow wp-block-column-is-layout-flow" style="flex-basis:33.33%">
<p><strong>Programme</strong>:</p>



<ul class="wp-block-list"><li>Bohuslav Martinů: <em>Tři písně na Appollinaira</em></li><li>Viktor Ullmann: <em>Sonnets de Louise Labé</em></li><li>Leonard Bernstein: <em>La bonne cuisine</em></li><li>Hanuš Bartoň: <em>5 písní na Suzanne Renaud</em></li><li>Adrian Pop: <em>Sept fragments de Tristan Tzara (Czech premiere)</em></li><li>Pavel Duda: <em>Commissioned piece (premiere)</em></li></ul>


<div style="height:40px" aria-hidden="true" class="wp-block-spacer"></div>



<p><strong>Performers:</strong></p>



<ul class="wp-block-list"><li>Irena Troupová – soprano</li><li>Jana Hrochová – mezzosoprano</li><li>Jan Dušek – piano</li></ul></div>
</div>

<p><em>The pieces will be performed in Czech or in French and accompanied by Czech subtitles.</em></p>

<div class="wp-block-columns is-layout-flex wp-container-core-columns-is-layout-9d6595d7 wp-block-columns-is-layout-flex">
<div class="wp-block-column is-layout-flow wp-block-column-is-layout-flow" style="flex-basis:33.33%">
<figure class="wp-block-image size-full is-resized"><img decoding="async" src="https://liedercompany.cz/wp-content/uploads/2022/04/mkcr_en.png" alt="MK&#x10C;R_logo" class="wp-image-1427" width="235" height="73" title=""></figure></div>



<div class="wp-block-column is-layout-flow wp-block-column-is-layout-flow" style="flex-basis:66.66%">
<p><strong>The Concert Season 2022 is held under the auspices of the Minister of Culture Mgr. Martin Baxa and council member of the capital city of Prague MgA. Hana Třeštíková.</strong></p>
</div>
</div>

<div class="wp-block-columns is-layout-flex wp-container-core-columns-is-layout-9d6595d7 wp-block-columns-is-layout-flex">
<div class="wp-block-column is-layout-flow wp-block-column-is-layout-flow"><div  class="tribe-block tribe-block__event-website" >
	<a href="https://goout.net/en/tickets/s-prichuti-francie/saan/" target="_self" rel="noopener">
		Koupit vstupenky	</a>
</div>
</div>



<div class="wp-block-column is-layout-flow wp-block-column-is-layout-flow"><div  class="tribe-block tribe-block__venue tribe-clearfix tribe-block__venue--has-map" >
	
	
<div class="tribe-block__venue__meta">
	<div class="tribe-block__venue__name">
		<h3>Novoměstská radnice</h3>
	</div>

	
						<address class="tribe-block__venue__address">
				<span class="tribe-address">

<span class="tribe-street-address">Karlovo nám. 1</span>
	
		<br>
		<span class="tribe-locality">Praha 2</span><span class="tribe-delimiter">,</span>


	<span class="tribe-postal-code">120 00</span>

	<span class="tribe-country-name">Česká republika</span>

</span>

									<a class="tribe-events-gmap" href="https://maps.google.com/maps?f=q&#038;source=s_q&#038;hl=en&#038;geocode=&#038;q=Karlovo+n%C3%A1m.+1+Praha+2+120+00+%C4%8Cesk%C3%A1+republika" title="Click to view a Google Map" target="_blank" rel="noreferrer noopener">+ Google Map</a>							</address>
		
		
					<span class="tribe-block__venue__website"><a href="http://www.novomestskaradnice.cz/" target="_self" rel="external noopener">View Venue Website</a></span><br />
			
	</div>
	
<div class="tribe-block__venue__map">
	
<iframe
  title="Google maps iframe displaying the address to Novoměstská radnice"
  aria-label="Venue location map"
  width="310px"
  height="256px"
  frameborder="0" style="border:0"
  src="https://www.google.com/maps/embed/v1/place?key=AIzaSyDNsicAsP6-VuGtAb1O9riI3oc_NOb7IOU&#038;q=Karlovo+n%C3%A1m.+1+Praha+2+120+00+%C4%8Cesk%C3%A1+republika+&#038;zoom=10" allowfullscreen>
</iframe>
</div>

	</div>
</div>
</div>

<p>France and its culture have influenced many artists, writers and composers. In this concert, we will present six works for which their authors found inspiration in French literature – Renaissance,&hellip;&nbsp;<a href="https://liedercompany.cz/en/event/260622-with-a-taste-of-france/" rel="bookmark">Read More &raquo;<span class="screen-reader-text">With a Taste of France (Troupová &#038; Hrochová &#038; Dušek)</span></a></p>
